t common factor of 189 and v.
21
Let h = -18 + 9. Let q = h + 11. Suppose -q*j + 5*v + 18 = -14, -4*v = 2*j - 14. Calculate the greatest common divisor of 33 and j.
11
Suppose 0 = 7*z + 197 - 2101. What is the greatest common factor of 34 and z?
34
Suppose -12*i - 9 = -45. Calculate the greatest common divisor of 42 and i.
3
Suppose 5*u = 3*z - 8*z + 15, -z - 39 = -5*u. Let b be 1/4 - (-5439)/196. What is the highest common factor of b and u?
7
Suppose 0 = 3*n - 29 - 4. Let p = 27 + -26. Calculate the greatest common factor of p and n.
1
Let a(t) = -6*t**2 + 4*t - 2. Let n be a(6). Let s = n + 514. Let c = 1693 - 1661. What is the highest common factor of s and c?
32
Let f(c) = 5*c**2 - 2*c - 2. Suppose 3*u + 7 = 1. Let i be f(u). Calculate the highest common divisor of 33 and i.
11
Suppose 0 = 11*v + 2*v - 39. Suppose 2*l + 12 = -2*l, -5*l + 375 = v*w. Calculate the highest common divisor of 26 and w.
26
Suppose -1333 = -14*r + 53. Suppose -22 = 5*v - 67. Calculate the greatest common divisor of r and v.
9
Let w(t) = -2*t**2 + 36*t - 19. Let b(k) = k**2 - 18*k + 10. Let a(x) = -5*b(x) - 2*w(x). Let o be a(17). Calculate the highest common factor of 5 and o.
5
Let r be (-27)/(-6)*(7 - (2 - -3)). Calculate the greatest common factor of 15 and r.
3
Let k(u) = -u**3 + 3*u**2 + 44*u + 504. Let b be k(-14). What is the highest common divisor of 184 and b?
92
Let b = -2530 - -2698. Calculate the highest common divisor of 1428 and b.
84
Let g(z) = 3*z**3 - z**2 + 1. Let t be g(2). Let c(o) = o**3 + 45*o**2 - 92*o + 157. Let s be c(-47). Calculate the highest common factor of s and t.
21
Let d = 6 - -20. Suppose -2*x + 5*x - 36 = 0. Let q be 190 + x/(-3) - 4. Calculate the greatest common factor of q and d.
26
Suppose 4*a = -1095 + 3703. Let d = 937 - a. What is the highest common divisor of d and 15?
15
Suppose 4*n + m = -0*m + 339, -4*n - 5*m + 351 = 0. Suppose 6*x + 0*x = n. Suppose -11*f + x*f = 72. Calculate the highest common divisor of 6 and f.
6
Let c = 276 - 148. Let o = c - 113. Let j be 2/(-8) + 13/4. Calculate the highest common factor of o and j.
3
Suppose -g + 1 = -5. Let w = 248 + -132. Suppose 4*y + u = w, -2*y - 3*u = -7*u - 76. Calculate the greatest common divisor of y and g.
6
Let d(s) = -s + 1. Let y be d(4). Let n = 7 - y. Calculate the greatest common divisor of n and 2.
2
Suppose -72 = -2*r + 8*r. Let f = -7 - r. Let q(w) = w**2 - 3*w - 5. Let v be q(5). Calculate the highest common factor of v and f.
5
Let b(f) = 12*f**2 - 36*f - 105. Let p be b(-3). What is the highest common divisor of p and 148?
37
Suppose 9*r + 483 = -372. Let l = 135 + r. Calculate the greatest common divisor of 20 and l.
20
Let d(k) = 23*k**2 + 37*k - 36. Let l be d(1). What is the highest common factor of l and 40?
8
Suppose -551 = -8*y + 9. What is the highest common factor of 350 and y?
70
Let i = 22 + -18. Suppose -6*n + n + i = -2*b, 0 = -3*b - 5*n - 56. Let p = 3 - b. Calculate the highest common factor of p and 75.
15
Suppose -4*t - 1046 = -2*n, 10*n - 8*n = -5*t + 1091. Calculate the greatest common factor of n and 41.
41
Suppose 19*b - 62832 = -23*b. Calculate the greatest common divisor of b and 11.
11
Suppose 7*c - 2*c - 100 = 0. Suppose -127*x = -117*x. Suppose x = -5*h + c + 10. What is the greatest common factor of 48 and h?
6
Suppose 0 = -561*r + 556*r + 10. Suppose -2 = 3*i - 44. What is the greatest common divisor of r and i?
2
Suppose -l + 4*l = 3*z - 141, 4*z - 185 = 5*l. Calculate the greatest common divisor of 30 and z.
10
Let t be ((-47)/(-94))/((-1)/6). Let y(k) = -k. Let a(j) = -5*j + 7. Let i(z) = a(z) - 4*y(z). Let u be i(t). What is the greatest common divisor of u and 30?
10
Suppose 3*h + p = 190, 0 = -7*h + 3*h - p + 254. Calculate the highest common divisor of h and 96.
32
Let b be (5/4)/((-1)/220*-5). Let f(p) = -3*p - 7. Let d be f(6). Let a = d + b. What is the highest common factor of 30 and a?
30
Let f = -471 + 687. What is the greatest common factor of 81 and f?
27
Suppose -558 = 138*a - 142*a + 2*d, 5*a - 703 = -3*d. What is the highest common divisor of 100 and a?
20
Suppose -3*l = k - 38, 29*l = 32*l + 2*k - 34. What is the greatest common divisor of l and 28?
14
Let d = 98 - 225. Let b = -112 - d. What is the highest common factor of 5 and b?
5
Suppose 2*m - 41 = -m + 4*o, 2*m - 28 = 3*o. What is the highest common divisor of 11 and m?
11
Suppose 7 = 5*y - 3. Suppose n = -3*x + 89, 5*n - 281 = y*n + 5*x. Suppose 7*w - n - 692 = 0. Calculate the highest common divisor of w and 14.
14
Let z be 484/16 - ((-10)/(-8) - 1). Suppose 46 = 5*b - 4*m, 0*b = 3*b - 3*m - z. What is the highest common factor of b and 48?
6
Let v(x) = 10*x**2 + 16*x + 60. Let f be v(-6). Calculate the highest common divisor of f and 36.
36
Let b(k) = -k + 7. Let r be b(4). Suppose 20*m = 16*m. Let t(w) = 2*w**3 + w + 12. Let l be t(m). What is the highest common factor of l and r?
3
Suppose -16 + 6 = -2*i. Suppose -4*f - 49 = i*n - 2*n, 65 = -5*f - 3*n. Let j be (105/(-6))/5*f. Calculate the greatest common divisor of j and 8.
8
Let z = 12 - 7. Let l(r) = r**3 - 4*r**2 - 2*r + 6. Let s be l(z). Let c be 3 - (-11)/(6 + -5). Calculate the greatest common divisor of s and c.
7
Suppose 42*w = 39*w + 261. Let v = 91 - w. Calculate the highest common divisor of v and 32.
4
Let q = -249 + 287. What is the greatest common divisor of q and 1102?
38
Let z be (423/45 + -7)*70/3. What is the greatest common factor of z and 392?
56
Suppose 0 = y + 56 - 6. Let l be y/5*(1 + (-1 - 6)). Calculate the highest common divisor of l and 12.
12
Let q be 39/6*14 - (2 - -2). What is the highest common factor of q and 145?
29
Let t(m) = -30*m + 184. Let j be t(6). What is the greatest common divisor of 2 and j?
2
Let z be (-3 - -1) + (2 - (-4)/2). Suppose -z*m + 18 = 3*h, -36 = -5*m - 4*h + 9. What is the highest common divisor of 99 and m?
9
Suppose 3*d - 438 = 5*y + 2*d, -3*y + 3*d - 270 = 0. Let c = -51 - y. Let h be (-5031)/(-1248) - (-5)/(-160). Calculate the greatest common factor of h and c.
4
Let q = -68 - -95. Let p = q + -19. Calculate the highest common divisor of p and 1.
1
Let k be (180/50)/((-2)/10). Let p be (16/(-2))/(k/9). Calculate the highest common factor of 44 and p.
4
Let b be -32 + (2 - 3 - -2)*2. Let t be 9*(-5)/((-15)/(-2))*b. What is the highest common factor of 36 and t?
36
Let z = 33 + -30. Suppose 3*l + 5*a = 61, -4*a - 5 = -4*l + 23. Calculate the highest common divisor of l and z.
3
Let i(y) = 3*y**3 + y**2 + y - 14. Let g be i(4). What is the highest common factor of g and 1089?
99
Suppose -3*k = 2*k - 95. Let m = 25 - k. What is the highest common divisor of 6 and m?
6
Suppose 0 = w - 4*i + 6 + 6, 26 = 2*w + 2*i. What is the highest common divisor of w and 88?
8
Suppose 2*n = -3*r + 3*n + 26, -5*n = -20. Let d be 25/r - (-2)/(-4). Let q = -94 + 97. Calculate the highest common divisor of d and q.
1
Let z(f) = -f**2 - 3*f + 57. Let i be z(-8). Let h = 212 + -93. Calculate the highest common factor of i and h.
17
Let w be 3*1/3 + 1. Suppose -w*c + 4 = -3*q, -2*q - 7 = -c - 3*q. Suppose o = c - 1. What is the highest common divisor of 1 and o?
1
Let f = -355 - -370. Calculate the greatest common factor of 255 and f.
15
Let y = 534 - 529. Calculate the greatest common factor of 65 and y.
5
Suppose 3*p + 160 = -0*b + b, -3*b = -4*p - 220. Let v = -19 - p. Suppose 5*h - 4*f = 59, -3*h + 3*f = -f - 37. Calculate the greatest common factor of h and v.
11
Suppose 4*f - 3532 = -4*z, 4*f + 5*z = 1214 + 2319. What is the greatest common divisor of f and 98?
98
Let w = 99 + -96. Calculate the greatest common divisor of 117 and w.
3
Suppose 108 = 2*q + 4*j, -2*q + 318 = 3*q - 2*j. Let s be 80/(-8)*62/(-4). Calculate the greatest common factor of q and s.
31
Suppose -5*k - 3*y = -2, 2*k + y = -y. Suppose -4*u + 11 = -13. Let m be 17/k + -7 + u. What is the greatest common factor of 2 and m?
2
Suppose 254 + 2086 = 15*t. What is the greatest common divisor of 36 and t?
12
Let b = -17 + 22. Let i be 4 - 2 - 8 - -3. Let v be 25*(i - (-4 + 0)). Calculate the highest common factor of v and b.
5
Suppose 0 = -7*n - 10*n + 51. What is the highest common factor of 30 and n?
3
Suppose 6*l = -241 + 1669. Calculate the highest common factor of l and 14.
14
Let